1223?
False
Is 1065 a multiple of 16?
False
Is 799 a multiple of 39?
False
Does 17 divide 782?
True
Is 25 a factor of 16221?
False
Is 2 a factor of 704?
True
Is 21 a factor of 65?
False
Is 59 a factor of 5597?
False
Does 16 divide 608?
True
Does 31 divide 331?
False
Does 16 divide 18394?
False
Is 5376 a multiple of 24?
True
Does 182 divide 10874?
False
Is 2727 a multiple of 101?
True
Is 63 a factor of 13230?
True
Is 5065 a multiple of 5?
True
Does 291 divide 49761?
True
Is 81 a multiple of 6?
False
Is 14 a factor of 9722?
False
Is 106 a factor of 13144?
True
Is 784 even?
True
Is 58 a factor of 290?
True
Does 27 divide 4536?
True
Is 1387 a multiple of 19?
True
Does 12 divide 3213?
False
Is 1413 a multiple of 6?
False
Is 79 a multiple of 13?
False
Is 30760 a multiple of 40?
True
Does 228 divide 8436?
True
Does 114 divide 58938?
True
Does 8 divide 1214?
False
Is 2707 a multiple of 54?
False
Is 13266 a multiple of 66?
True
Is 8360 a multiple of 22?
True
Is 50 a factor of 3358?
False
Does 21 divide 10374?
True
Is 840 a multiple of 30?
True
Does 25 divide 369?
False
Is 24 a factor of 5928?
True
Does 45 divide 585?
True
Does 203 divide 43434?
False
Is 24 a factor of 336?
True
Is 3 a factor of 46?
False
Is 525 a multiple of 18?
False
Is 2655 a multiple of 32?
False
Does 6 divide 138?
True
Is 60 a factor of 6960?
True
Does 6 divide 11978?
False
Does 10 divide 832?
False
Does 2 divide 381?
False
Does 29 divide 406?
True
Is 35 a factor of 1199?
False
Is 2580 a multiple of 5?
True
Is 25 a factor of 14375?
True
Is 30 a factor of 4593?
False
Does 22 divide 15309?
False
Does 23 divide 51083?
True
Is 2489 a multiple of 14?
False
Is 43367 a multiple of 31?
False
Is 41866 a multiple of 22?
True
Is 18 a factor of 6472?
False
Is 45 a factor of 10827?
False
Is 9 a factor of 137?
False
Does 28 divide 1578?
False
Is 51 a factor of 49085?
False
Does 21 divide 15828?
False
Does 90 divide 13042?
False
Is 2451 a multiple of 8?
False
Is 9 a factor of 71?
False
Is 814 a multiple of 37?
True
Does 31 divide 496?
True
Does 13 divide 325?
True
Is 5 a factor of 6100?
True
Is 4 a factor of 38?
False
Is 201 a multiple of 6?
False
Does 24 divide 552?
True
Is 884 a multiple of 4?
True
Is 37716 a multiple of 7?
True
Is 128 a factor of 4031?
False
Is 8 a factor of 4792?
True
Is 7 a factor of 6502?
False
Is 1026 a multiple of 54?
True
Is 4186 a multiple of 92?
False
Does 148 divide 15392?
True
Is 3 a factor of 186?
True
Is 1248 a multiple of 13?
True
Is 18 a factor of 204?
False
Is 824 a multiple of 58?
False
Is 6 a factor of 5106?
True
Is 11 a factor of 176?
True
Does 27 divide 3928?
False
Is 11025 a multiple of 42?
False
Does 9 divide 252?
True
Does 51 divide 459?
True
Does 5 divide 1533?
False
Does 27 divide 10018?
False
Is 106 a multiple of 94?
False
Is 37 a factor of 17211?
False
Does 12 divide 37572?
True
Does 42 divide 462?
True
Is 40 a factor of 20600?
True
Is 78 a factor of 293?
False
Does 114 divide 2736?
True
Does 48 divide 826?
False
Is 60 a factor of 2160?
True
Is 189 a multiple of 3?
True
Is 19 a factor of 2837?
False
Is 2760 a multiple of 92?
True
Is 6 a factor of 1428?
True
Is 50 a factor of 835?
False
Is 9 a factor of 1044?
True
Is 40 a factor of 105212?
False
Is 2168 a multiple of 66?
False
Is 65 a factor of 161623?
False
Is 3803 a multiple of 4?
False
Is 550 a multiple of 6?
False
Does 4 divide 321?
False
Is 1910 a multiple of 13?
False
Is 134 a multiple of 14?
False
Is 221 a multiple of 13?
True
Is 17 a factor of 1409?
False
Is 222 a factor of 58608?
True
Is 9729 a multiple of 165?
False
Is 103 a factor of 192?
False
Is 27062 a multiple of 16?
False
Is 72 a factor of 720?
True
Is 949 a multiple of 23?
False
Is 80 a factor of 5920?
True
Is 14 a factor of 2758?
True
Does 18 divide 5107?
False
Does 16 divide 1764?
False
Is 1394 a multiple of 16?
False
Is 24 a factor of 240?
True
Is 1656 a multiple of 12?
True
Is 2256 a multiple of 15?
False
Is 38 a factor of 616?
False
Is 12 a factor of 21048?
True
Is 23 a factor of 18423?
True
Is 12 a factor of 165?
False
Is 9 a factor of 477?
True
Is 6 a factor of 1848?
True
Is 109 a factor of 3597?
True
Does 9 divide 3526?
False
Is 95 a factor of 570?
True
Is 101 a factor of 8413?
False
Is 8842 a multiple of 104?
False
Is 68 a factor of 748?
True
Is 830 a multiple of 8?
False
Does 40 divide 21769?
False
Is 179 even?
False
Is 6 a factor of 806?
False
Does 17 divide 272?
True
Is 137 a multiple of 6?
False
Is 49 a factor of 6098?
False
Is 43 a factor of 1016?
False
Is 116 a factor of 37468?
True
Is 933 a multiple of 9?
False
Does 7 divide 117?
False
Is 116 a factor of 2900?
True
Does 6 divide 2598?
True
Is 40 a factor of 1768?
False
Is 2 a factor of 2186?
True
Is 5750 a multiple of 17?
False
Is 19 a factor of 74744?
False
Is 17 a factor of 42473?
False
Is 1080 a multiple of 90?
True
Is 28 a factor of 2653?
False
Is 15 a factor of 2916?
False
Is 7436 a multiple of 4?
True
Does 25 divide 1199?
False
Is 112 a factor of 359?
False
Does 12 divide 45601?
False
Is 10934 a multiple of 14?
True
Does 17 divide 488?
False
Does 6 divide 876?
True
Is 21710 a multiple of 167?
True
Is 558 a multiple of 31?
True
Is 32 a multiple of 5?
False
Is 51 a factor of 10710?
True
Is 391 a multiple of 23?
True
Does 108 divide 5184?
True
Is 29 a factor of 2378?
True
Is 89 a factor of 25274?
False
Does 16 divide 5466?
False
Is 4004 a multiple of 7?
True
Is 1883 a multiple of 174?
False
Is 318 a multiple of 106?
True
Is 86 a factor of 1118?
True
Is 9 a factor of 315?
True
Does 11 divide 3584?
False
Does 15 divide 8537?
False
Is 9 a factor of 1289?
False
Does 43 divide 1474?
False
Is 16 a factor of 1586?
False
Is 159 a multiple of 13?
False
Does 31 divide 711?
False
Does 96 divide 1492?
False
Is 30081 a multiple of 111?
True
Does 13 divide 11622?
True
Does 6 divide 434?
False
Does 3 divide 64?
False
Is 13 a factor of 43017?
True
Is 14 a factor of 2002?
True
Is 23 a factor of 529?
True
Does 24 divide 4539?
False
Does 32 divide 2688?
True
Is 20238 a multiple of 125?
False
Is 8 a factor of 758?
False
Is 32967 a multiple of 33?
True
Is 2144 a multiple of 18?
False
Is 10584 a multiple of 18?
True
Does 8 divide 1008?
True
Is 33 a multiple of 3?
True
Does 4 divide 8640?
True
Is 39 a factor of 816?
False
Does 13 divide 914?
False
Does 126 divide 20016?
False
Is 115 a factor of 81305?
True
Is 6073 a multiple of 5?
False
Does 90 divide 16020?
True
Is 26 a factor of 546?
True
Does 12 divide 16380?
True
Is 3445 a multiple of 5?
True
Is 51 a factor of 654?
False
Is 41 a factor of 640?
False
Is 510 a multiple of 85?
True
Is 2640 a multiple of 24?
True
Is 6645 a multiple of 34?
False
Does 14 divide 391?
False
Is 14 a factor of 11620?
True
Does 8 divide 100?
False
Does 8 divide 10823?
False
Is 31820 a multiple of 10?
True
Is 12 a factor of 2926?
False
Is 44 a factor of 968?
True
Is 4125 a multiple of 40?
False
Is 33248 a multiple of 26?
False
Does 11 divide 1892?
True
Is 204 a factor of 5100?
True
Is 11028 a multiple of 131?
False
Does 7 divide 173?
False
Is 21 a factor of 2086?
False
Is 570 a multiple of 38?
True
Is 60 a factor of 27787?
False
Is 68 a factor of 544?
True
Is 257 a multiple of 17?
False
Does 109 divide 9935?
False
Does 8 divide 5360?
True
Does 12 divide 4692?
True
Is 39 a factor of 468?
True
Does 79 divide 4582?
True
Is 11872 a multiple of 28?
True
Is 30 a factor of 5894?
False
Does 8 divide 30931?
False
Is 2596 a multiple of 22?
True
Does 4 divide 21392?
True
Is 122 a factor of 20008?
True
Does 27 divide 64?
False
Is 33 a factor of 132?
True
Is 16 a factor of 12182?
False
Does 12 divide 3204?
True
Is 19261 a multiple of 10?
False
Does 9 divide 13635?
True
Does 14 divide 26?
False
Does 82 divide 1394?
True
Is 8289 a multiple of 116?
False
Is 145 a factor of 12760?
True
Does 4 divide 655?
False
Is 884 a multiple of 13?
True
Is 10 a factor of 945?
False
Does 18 divide 3474?
True
Does 32 divide 4374?
False
Is 530 a multiple of 10?
True
Is 9 a factor of 22158?
True
Does 27 divide 1188?
True
Is 2 a factor of 9571?
False
Is 4 a factor of 16356?
True
Is 131 a factor of 83115?
False
Is 1200 a multiple of 7?
False
Is 26734 a multiple of 10?
False
Is 4 a factor of 343?
False
Is 142 a factor of 7991?
False
Does 22 divide 9123?
False
Is 4838 a multiple of 6?
False
Is 240